16) is divided by 40?
33
Suppose -8*a = -6*a - 76. Suppose -7*f - 2*y + 665 = -4*f, 5*f = -3*y + 1110. What is the remainder when f is divided by a?
35
Suppose 32 = 4*f + 80. Let x = 41 + f. Let h = 1693 + -1609. Calculate the remainder when h is divided by x.
26
Let s = 268 - 241. What is the remainder when 124 is divided by s?
16
Let q = 6742 - 6708. Let s = 3 - -6. What is the remainder when q is divided by s?
7
Let s(b) = b**3 - b**2 - 2*b + 5. Let g be s(0). Suppose 8*y + 12 = g*y. What is the remainder when 115 is divided by 2 + y - (-3 + -28)?
28
Suppose -2*k = -6*k - 3*y, -2*k = y + 2. Let r = -82 - -89. What is the remainder when -3 + 2 - -24 - k is divided by r?
5
Suppose -25 + 5 = -4*o. Let z(k) = -k**3 - 469 + 481 + 0*k**3 + 4*k + 4*k**2. What is the remainder when z(o) is divided by 4?
3
Suppose 0 = -19*z + 959 + 333. Calculate the remainder when z is divided by 25.
18
Let r be 226 + (-7)/21 + 7/3. Suppose -5*d - 272 = -4*s + r, 5*s - 638 = 3*d. Let z(m) = 7*m**2 + 4*m - 3. What is the remainder when s is divided by z(2)?
31
Suppose -10 + 34 = 12*g. Suppose -5*f + 57 = 3*d, 0 = -g*d + 3*f - 14 + 52. What is the remainder when 75 is divided by d?
18
Suppose -2*d + d - 28 = 0. Let b be (-9)/(-6) - d/8. Suppose 33 = b*c + 13. Calculate the remainder when 13 is divided by c.
1
Suppose 3*j = 5*x + 122, -2*j + 3*x = -2*x - 73. What is the remainder when 243 is divided by j?
47
Suppose 55 + 19 = 2*b. Let j = -21 + b. Let k = 93 - j. Calculate the remainder when k is divided by 26.
25
Let w be -3 - -1 - 1 - -321. Suppose -4*x = -w + 22. Suppose 2*r - 4*z - x = 0, -r + 0*z - 5*z + 58 = 0. Calculate the remainder when r is divided by 22.
21
Suppose -5*n = -1332 + 572. Calculate the remainder when n is divided by 43.
23
Suppose -26*g = -283 - 107. What is the remainder when 148 is divided by g?
13
Suppose -3*o + 2*o + 13 = 0. Let m(l) = 2*l**2 - l - 5. Let k be m(2). What is the remainder when (k*-6 - 4)*-5 is divided by o?
11
Let n(z) = z**2 + 15*z + 21. Let w(h) = -h + 9. Calculate the remainder when w(-9) is divided by n(-14).
4
Let j be (-15 + 13)/(-1 + 0) + -2. Suppose 55*p - 60*p + 70 = j. What is the remainder when 36 is divided by p?
8
Let j(r) = -r**2 + 8*r - 2. Calculate the remainder when 306 is divided by j(4).
12
Let h = -5 + 1. Let u = 6 + h. Suppose 10*j - 6*z - 5 = -z, -3 = -5*j + 2*z. Calculate the remainder when u is divided by j.
0
Let i = 485 - 450. Calculate the remainder when 173 is divided by i.
33
Suppose -52*i - 912 = -90*i. What is the remainder when 81 is divided by i?
9
Let p(s) = s**3 - 12*s**2 + 16*s + 9. What is the remainder when p(11) is divided by 22?
20
Let u = -207 + 198. Let w(d) = -5 - 4 - 6*d + 9*d**2 + 0*d**3 + d**3. Calculate the remainder when w(u) is divided by 23.
22
Let z(s) = -2*s - 17. Let b be z(-8). Let u be 1/3 + (-7)/3. What is the remainder when 2 is divided by (-3 - u)/(1/b)?
0
Let v(r) be the first derivative of 4*r**2 + 19*r - 6. Let t = -15 + 42. What is the remainder when v(11) is divided by t?
26
Suppose -160 = -3*w - 5*k, k - 3 = -1. Let a(g) = -g**2 - 21*g - 29. Let o be a(-16). Suppose o + 27 = 6*f. Calculate the remainder when w is divided by f.
11
Suppose 3*u - 3*m = 2*m + 980, u + 5*m = 300. Suppose -2*k + 3*k + 4*o = 103, -o = 3*k - u. Calculate the remainder when k is divided by 11.
8
Suppose 86*s - 88*s = -6. Suppose -s*g = -o - 2*o + 207, -361 = -5*o + g. What is the remainder when o is divided by 15?
13
Suppose 5*x - 3*b = -4*b + 100, 4*x = -2*b + 74. Let m = -9 + x. Calculate the remainder when 22 is divided by m.
10
Suppose -b - 29 + 114 = 5*k, 3*b - 57 = -4*k. Suppose 0*i - 35 = -3*w + 5*i, 4 = 2*i. Calculate the remainder when k is divided by w.
3
Let q(m) = -13*m - 58. Calculate the remainder when 332 is divided by q(-13).
110
Let u(v) = v**3 - 3*v**2 - 4*v + 2. Let x be u(4). Suppose -3*k + 0 + 12 = -m, x*k = -4*m - 6. Calculate the remainder when 8 is divided by k.
2
Let q(t) = t**3 - 4*t**2 - t + 18. Calculate the remainder when q(4) is divided by 9.
5
Let x = -18 + 33. What is the remainder when 18/3 - (5 - (7 - -66)) is divided by x?
14
Let o(f) = 2*f**3 - 19*f**2 + 10*f + 9. What is the remainder when 22 is divided by o(9)?
4
Let r(s) = -s**3 + 10*s**2 + 6*s + 99. Calculate the remainder when 395 is divided by r(11).
43
Suppose -54*p = -44*p - 400. What is the remainder when 397 is divided by p?
37
Suppose -5*b + 80 = -b. Suppose -4*f + 51 = 3*d, d + b = 5*f - 4*d. What is the remainder when f is divided by 2?
1
Let i = -44 - -47. Suppose 5*y = 5*g + 40, -2*g = -i*y - 4 + 29. Calculate the remainder when 41 is divided by y.
5
Let y = -5 + 15. Let d = 44 - y. Suppose 36 = -4*i + 7*i - 3*n, 3*i - n - d = 0. What is the remainder when 32 is divided by i?
10
Let n(a) be the third derivative of -a**6/120 + 3*a**5/20 - 5*a**4/8 - a**3 - 8*a**2. Calculate the remainder when 34 is divided by n(6).
10
Suppose h - 6*h + j + 9 = 0, -h - 4*j + 6 = 0. Let f = 642 - 623. What is the remainder when f is divided by h?
1
Calculate the remainder when (1/3)/(12/(-36)) + 20 is divided by 2.
1
Suppose -2*t + 35 = -45. Suppose -3*n - 3*q + 75 = 0, -4*n + 2*q + t = -3*n. Suppose 4*u + u = n. Calculate the remainder when 9 is divided by u.
3
Suppose i - 4*i = -3, 5*i + 2 = r. Calculate the remainder when 192 is divided by r.
3
Let d = -198 + 120. What is the remainder when 35 is divided by ((-598)/d)/(0 + (-1)/(-3))?
12
Let l = 52 + -50. Suppose 0*s + l*j - 120 = -4*s, -5*s + 5*j = -165. What is the remainder when 184 is divided by s?
29
Let m(o) = 2*o**2 + o + 4. Let w = -140 - -137. Let f = w + 13. What is the remainder when m(-3) is divided by f?
9
Let o(h) = -2*h - 1. Suppose 3*t + 2*y + 2*y = 14, -3*t - 2*y = -10. Suppose t*x = x + 34. What is the remainder when x is divided by o(-5)?
7
Let v(t) = -t - 1. Let u be (-2)/5*(0 - 5). Calculate the remainder when 65 + u + 0 + 0 is divided by v(-15).
11
Suppose -98 = -4*b - 2*q, 0*q = q + 1. Let l be 12*(-1362)/(-234) + 2/13. Suppose 2*c = -8*c + l. What is the remainder when b is divided by c?
4
Let k = 43 - 19. Let w(q) = -q**2 - 35*q + 41. What is the remainder when k is divided by w(-36)?
4
Suppose 13*w + 0*w - 2210 = 0. Suppose 4*k = -k + w. Calculate the remainder when 134 is divided by k.
32
Let d = 96 + -72. What is the remainder when 52 is divided by d?
4
Let i = -1 + 31. Let l be 1 - (28/(-42))/(4/18). Suppose 2*o - 357 = -3*z + 3*o, l*z - 487 = 5*o. What is the remainder when z is divided by i?
28
Suppose 0 = 2*c - 7 + 1. Let t = 18 + c. What is the remainder when 104 is divided by t?
20
Suppose 4*i = 6*i - 60. Suppose 0 = -4*c + 2*c + 4*t + 24, 0 = 5*c - 4*t - i. Suppose -9 = -c*l + 15. What is the remainder when 46 is divided by l?
10
Let i(w) = -21*w - 2. Let a(k) = -k + 5. Let o be a(6). Calculate the remainder when i(o) is divided by 10.
9
What is the remainder when 401 is divided by (0 - 5)/((-16)/48)?
11
Suppose -s - 18 = -3*s. Let n(w) = -w**3 + 9*w**2 + 2*w - 6. Suppose 0 = 3*o + o - h - 85, 60 = 3*o + 3*h. Calculate the remainder when o is divided by n(s).
9
Suppose 13*v - 848 - 4716 = 0. What is the remainder when v is divided by 86?
84
Suppose 7*u = 2*u + 145. Suppose 9 = j + 4*r, 0*j + 5*r + 5 = 2*j. Calculate the remainder when u is divided by j.
4
Calculate the remainder when 54/(-81)*5/(10/(-162)) is divided by 7.
5
Let a(u) = 159*u**2 + 2*u + 2. Let k be a(-1). Suppose k + 499 = 7*j. Calculate the remainder when j is divided by 24.
22
Suppose 0 = -3*v + 3*d + 183, -4*v - 8*d + 4*d = -284. Calculate the remainder when 394 is divided by v.
64
Suppose -g + 24 = -3*m, -138 = 9*g - 14*g - 3*m. What is the remainder when 510 is divided by g?
24
Suppose -11 = -3*b + 1. Suppose 28 = 2*c + b. Calculate the remainder when 2*(-17)/7*-7 is divided by c.
10
Suppose -4*p - 481 = -5*k, 2*p + 85 = k + 4*p. What is the remainder when 364 is divided by k?
85
Let f be 23 + (0 - -1)*1. Suppose -5*a + q + f = -3*a, q - 2 = 0. Suppose -4*g + 11 = -a. What is the remainder when 23 is divided by g?
5
Suppose 4*h - 71 = 69. Suppose -5*t - 4*m + 62 = 0, m + 0*m = -3*t + 40. What is the remainder when h is divided by t?
7
Let x(w) = -w**2 + 77*w - 351. Let u(p) = p**2 + 2*p. Let l be u(2). Suppose -6*o + l = -2*o. Calculate the rem